s(-3)?
-20
Let r(x) = 7*x + 91. Let m be r(-12). Let v(g) = m*g + 1400 - 2799 + 1402. Give v(-2).
-11
Let d(y) = -2*y - 36. Let h(m) = -4*m + 2. Let v(a) = -2*d(a) + 3*h(a). What is v(11)?
-10
Let m(b) = 2*b + 43. Let w be m(18). Let j = w - 76. Suppose -9*c = -8*c - j. Let v(t) = -2*t - 3. Give v(c).
-9
Let l be (44/11)/(2 + -2 + 2). Suppose 7 = k + n - 5, -l*n = 4*k - 38. Let p(g) be the third derivative of g**4/24 - g**2. Calculate p(k).
7
Let u(o) = -o**3 - 13*o**2 - 4*o + 18. Suppose 325 = -109*a + 84*a. Give u(a).
70
Let g = -172 - -171. Let o(h) = -3 - 781*h**3 + 2 + 3 - 1 + h + 730*h**3. Determine o(g).
51
Let h(j) = -7*j + 16. Let r = -410 + 417. Determine h(r).
-33
Let n(h) be the second derivative of 15 - 2*h - 5/2*h**2 + 1/6*h**3. Determine n(6).
1
Let z(o) = 2*o**2 + 18*o - 2. Suppose -4*c - 29 = -5*j - 89, j + c = -3. What is z(j)?
-18
Let b(q) = q**3 + 2*q - 1. Let m(s) = 9*s**2 + 13*s + 6. Let f(o) = -b(o) + m(o). Let k = 84 + -74. What is f(k)?
17
Let q(j) = j**2 - 5*j - 7. Let c(m) = 18*m**2 + 4*m + 6. Suppose -u - 4 + 1 = 0. Let w be c(u). Let x be (6/(-27))/(-1) + w/27. Calculate q(x).
-1
Let f be (-159 + 151)*2/8. Let c(x) = -x**3 - 8*x**2 + 7*x - 6. Let u(o) = -2*o**3 - 17*o**2 + 15*o - 13. Let b(j) = 13*c(j) - 6*u(j). Give b(f).
-2
Let k(j) = -3*j + 140. Let v be k(0). Let t(m) = v - 6*m**2 + 143 + m**3 - 290 - 3*m + 5*m. Calculate t(5).
-22
Let u(y) = -285 + 3*y + 3*y + 144 + 163 + 3*y. Give u(-8).
-50
Let d(h) = -h**3 + 10*h**2 + 8*h + 6. Suppose -4*r - 12*n + 69 = -9*n, -3*n = -4*r + 27. Determine d(r).
-186
Let f(d) = 2*d**2 - 1 + 3*d + 0 + 3*d. Suppose -59*i + 63*i = 4*m + 20, 0 = -m + 2*i - 5. Calculate f(m).
19
Let n(p) = 14*p - 61. Let v(g) = -78*g + 330. Let d(f) = -11*n(f) - 2*v(f). Suppose 0 = -4*b + 6*y - 4*y - 22, -y = 5*b + 45. What is d(b)?
-5
Let a(k) = -6*k + 2. Let x = 627 - 637. Let u be ((-8)/10)/((-12)/30). Let h be ((u - x)/4)/1. Give a(h).
-16
Let i(x) = x**2 + 0 - x + 3 + 4*x. Let n = 2515 - 1058. Suppose 0 = 1459*m - n*m + 6. Determine i(m).
3
Suppose -772 = -277*a + 303 + 310. Let k(c) be the third derivative of -1/24*c**4 + 0*c + 1/2*c**3 + 0*c**a + 1/120*c**6 + 0 - 31*c**2. Give k(-3).
-21
Suppose -1552*g + 1569*g - 15793 = 0. Suppose 0 = -3*j - z + 3, j = 2*z - 3 + 11. Let q(p) = 8 - 8*p + p + 5*p**j - 928*p**3 + g*p**3. Calculate q(-6).
14
Let o(y) be the third derivative of y**6/120 + y**5/60 + y**4/24 + y**3/6 - 2*y**2 - 67*y. Let q be 1/((-15)/12 - -1). Let c = q - -4. Determine o(c).
1
Let d(r) = 103*r - 619. Let c be d(6). Let f(o) be the first derivative of o**2 + 2*o - 1. Let v(w) = 1. Let j(h) = c*v(h) - f(h). Determine j(-6).
9
Let i(g) be the second derivative of -g**5/20 - 5*g**4/12 + 7*g**3/6 + 4*g**2 + 60*g + 3. Determine i(-5).
-27
Let j(i) = -577*i**3 + 583*i**3 - 2*i**2 + 3*i**2 - 6. Let s(z) = z**3 + z**2 + z - 1. Let k(y) = -j(y) + 5*s(y). What is k(5)?
1
Let l(j) = j**3 + 2*j**2 + j + 2. Let p be (((-216)/(-10))/1)/(-12 - (-976)/80). Let r be (-4)/(-18) - (-1976)/18. Let c = p - r. What is l(c)?
0
Let f(c) = c**2 - 5*c - 5. Suppose 79*u - 4 - 328 = 300. What is f(u)?
19
Let r(w) = 3*w - 3. Let u(c) = -3*c. Let p(v) = 5*v + 1. Let t(d) = -2*p(d) - 3*u(d). Let i be t(-6). Calculate r(i).
9
Let r(x) be the third derivative of x**5/60 + 11*x**4/12 + 62*x**3/3 + 35*x**2. Let h be r(-12). Let k(n) = 3*n + 4. Calculate k(h).
16
Suppose 2*t + 34 = 5*u, 0*t + 26 = 5*u - 3*t. Let g(w) = w**3 - 11*w**2 - 10*w + 25. Give g(u).
-175
Let b(d) = d**3 + 12*d**2. Let r(n) = -n**2 - 8*n + 7. Let v be r(-7). Let u(c) = -c**2 + 14*c - 12. Let s be u(v). Determine b(s).
0
Let h(j) = j**2 - 15*j - 3. Let g be h(17). Let q = 38 - g. Let k(v) = q*v**2 - 472 + v + 469 - 4*v**2 + v**3. Calculate k(-3).
-6
Let i(s) = s + 11. Let u(g) = 23*g - 173. Let r be u(8). What is i(r)?
22
Suppose 0 = -33*f + 173 - 15 + 73. Let x(y) = -y**3 + 3*y**2 + 15*y - 8. Give x(f).
-99
Let t be (8/(-2))/(1 - 0). Let k(z) = 5*z**2 - 126*z + 131*z + 66*z**3 - 65*z**3. Calculate k(t).
-4
Let p be (-901)/(-265) - 1410/150. Let c(u) = u**2 - u + 1. Let m be c(2). Let j(n) = -3*n - 3*n + n**3 + 5*n**2 + 0*n**m - 8. Give j(p).
-8
Let k(v) be the second derivative of -v**6/90 - v**5/40 - 4*v**4 + 125*v. Let f(r) be the third derivative of k(r). What is f(-2)?
13
Let j = 13807 - 13766. Let h(c) = -c**2 + 47*c - 260. What is h(j)?
-14
Let s(t) = -t. Let w = 15 + -7. Suppose 2*m + 4*k - 22 = 0, w*k = -4*m + 3*k + 32. Suppose -u = m*h + 11, 2*u + 28 = -4*h + 4*u. What is s(h)?
5
Let b be -22*4/(-32) + (-12)/16. Let x be 7/b*((-36)/(-7))/3. Let m(j) = -j - 6. Give m(x).
-12
Let v(p) = p**3 - 19*p**2 + 17*p + 11. Let l be 88/(-616) + ((-240)/(-14) - -1). What is v(l)?
-7
Let u(m) be the second derivative of m**7/2520 - m**6/240 + m**5/120 + 5*m**4/2 + m**3/6 - 48*m. Let g(h) be the third derivative of u(h). Determine g(3).
1
Let t(a) = 9*a**2 - 15*a - 2. Let l = -686 - -688. Determine t(l).
4
Let x(d) = -7*d**2 + 9*d - 9. Let h(o) = -6*o**2 + 8*o - 8. Let m(g) = -6*h(g) + 5*x(g). Determine m(-3).
21
Let r(n) = -n**3 + 21*n**2 + 22*n + 4. Let s be r(22). Let m(q) = -8*q**3 + 2*q + 12*q**3 + 4*q**2 + 0*q**2 - s - 3*q**3. Determine m(-4).
-12
Let f(s) = -2*s**3 + 8*s**2 + 11*s. Let h be f(5). Let m(d) = 2*d - 2*d**3 + 18*d**2 - 7 - h*d**2 + 8 - 9*d**2 - 6*d**2. Give m(-2).
5
Let u(h) = 3*h + 90. Let o be u(-31). Let i(m) = 2. Let t(p) = -p - 18. Let j(v) = 24*i(v) + 3*t(v). Give j(o).
3
Let q(f) = 0*f - 15 + 8*f + 2 - 4*f + 13*f**2. Let c(n) = -11*n**2 - 4*n + 11. Let m(k) = -7*c(k) - 6*q(k). What is m(4)?
1
Suppose 2*k + 5*k - 35 = 0. Suppose -5*o - 5 = k*p, -3*o - 2*p = -5*p + 3. Let r(n) = n**3 + 2*n**2 + 2*n. What is r(o)?
-1
Let c(z) be the first derivative of -z**3 + 19*z**2/2 - 24*z - 2046. Give c(5).
-4
Let t be (4/(-8))/((-2)/16). Suppose r - 2*r = -5*m + t, m = r - 4. Let j(f) = 7*f - 5. Determine j(r).
37
Let r(s) be the second derivative of -s**4/12 + s**3 - 2*s**2 - 2*s. Let j = 697 + -702. Let w(n) = -n**2 - 9*n - 16. Let o be w(j). Determine r(o).
4
Let k(r) = -571*r**2 + 9*r + r**3 - 18 + 1260*r**2 - 698*r**2. Calculate k(9).
63
Suppose 3*j - 16 - 2 = 0. Let i(h) = h + 7*h - 13*h + 4*h + j. Suppose -5*l = -3*l + 8, 5*s + 4 = -l. Give i(s).
6
Let z(k) = 479*k + 1 + 1 - 1909*k + 474*k + 478*k + 480*k. Suppose 7 + 1 = -2*f, 0 = 2*i - 4*f - 20. Suppose -3*b + i*b + 2 = 0. Give z(b).
6
Suppose -52 - 4 = -4*b. Let x be (-496)/(-40) + -9 + (-4)/10. Let s(o) = 3*o + 17*o**3 + 12*o**3 - 2*o**2 + b*o**x - 44*o**3 + 2. What is s(-3)?
2
Suppose -39*l + 43*l = -3*v - 21, 4*l + 26 = -2*v. Let h(c) = -c**3 - 8*c**2 + 8*c - 25. Give h(l).
-16
Let y(j) be the second derivative of j**3/2 - 9*j**2/2 + 715*j. Determine y(-4).
-21
Let j(d) = 4*d - d**2 + 0*d - 7 + 13 - 11. Give j(3).
-2
Let o(y) = -25*y - 59. Let n(r) = -2*r - 32. Let x(a) = 5*n(a) - o(a). What is x(9)?
34
Let i(z) = z**3 - z**2 - z + 1. Let v be i(0). Let k(d) = 5*d + 227. Let s be k(-45). Let o(h) = -h**s + h**3 + 83 - 82 - h - 7*h**3 + 2*h**2. Determine o(v).
-5
Let s(r) = r**3 + 27*r**2 - 28*r - 7. Suppose 0 = -5*f + 5, -9*u = -5*u + 3*f + 109. What is s(u)?
-7
Let g(f) = f**3 + 10*f**2 + 10*f + 7. Let i = -22 - 14. Suppose 5*v - 2*z = 3*z - 130, -5*v - 2*z = 137. Let t = i - v. Determine g(t).
-2
Let h(r) = -10*r**2 - 18*r - 42. Let p(x) = 3*x**2 + 6*x + 15. Let v(k) = -4*h(k) - 11*p(k). Give v(-2).
19
Let s(b) = 0 + b - 2 + 3*b**2 + 0*b**2. Suppose -4*y + 4*g - 44 = 0, 32*y + 5*g = 30*y + 34. Give s(y).
22
Let m(x) = 58*x - 1451. Let h be m(25). Let f(p) = p**3 + p + 4. Let i be f(0). Let s(y) = y - y + 1 + 10*y**2 - i*y**2. Calculate s(h).
7
Let s = 6 - 0. Let g(j) be the second derivative of 0 - 1/6*j**3 + 26*j + 3/2*j**2. What is g(s)?
-3
Let g(w) = w**2 + 9*w - 277. Let r(a) = -2*a**2 - 16*a + 517. Let u(j) = 11*g(j) + 6*r(j). Calculate u(-7).
-15
Let m be (-103)/(927/42)*(-3)/2. Let z(p) = -p**3 + 6*p**2 + 8*p - 32. Give z(m).
-25
Let b(i) = -6*i**2 + 35*i + 5*i**3 + 11*i**2 - i**3 - 28*i + 3. Determine b(-1).
-3
Let a(o) = o**2 + 2*o - 60. Let i be a(7). Let c(f) = f**i + 7*f + 6*f - f**2 - 14*f. Give c(-3).
-33
Suppose -5 = -3*b + b - 17. Let n(x) = -x**3 - 9*x**2 - 7*x - 3. What is n(b)?
-69
Let f be -3 + 19 - (-4 - -7). Let y = -19 + f. Let p(s) = 4 + 0*s